ulate 3 - -7 - 14 - -11 - 13.
-6
Calculate 2 - -8 - (168 + -163).
5
What is (-9 - (-3 + 12 + -20 - -5)) + 7?
4
What is (7 - ((4 - -2) + 10)) + -5?
-14
Calculate 5 + 22 + (7 - -6 - 7) + 2.
35
Evaluate -17 - (4 + 1 + -5) - -10.
-7
What is -4 + (3 + 3 - 10) - -20?
12
Calculate -2 + 0 + 3 - (120 + -120).
1
What is the value of -2 + 11 - (40 - 29 - -25)?
-27
Evaluate 3 - -11 - (-8 - (8 + -14)).
16
Calculate 150 + -150 + (-2 - 1) + 5.
2
What is -4 - ((12 + -9 - 5 - 5) + 6)?
-3
-7 + (-3 - -2) - 12
-20
What is (-19 - -11 - 3) + 8?
-3
What is 28 - (-12 + 42 + -15)?
13
Calculate (-12 + 45 - 56) + 52.
29
What is the value of (17 - -1) + -5 + 0 + -1?
12
What is the value of (5 - (20 + 4)) + 74 + -36?
19
What is (-7 - -4) + 1 + -2 + -2 + 0?
-6
-4 + -2 + (3 - (-11 - (0 - 3)))
5
Evaluate 3 - ((1 - -1) + 10 - (21 + -30)).
-18
16 + 1 + (10 - 3) + (18 - 25)
17
Calculate -14 - (-7 + (14 - 15) + 0).
-6
Evaluate 5 - 16 - (1 + 3 + -11 + 2).
-6
Evaluate (12 - -1) + (-47 - (-82 - -40)).
8
What is 1 + (27 + -44 - (-6 + -1))?
-9
What is the value of (24 - 35) + (0 - (0 - 0))?
-11
What is the value of (17 - 1) + (7 - (20 - 6))?
9
Calculate 16 - ((54 - 8) + -10) - (-3 - -14).
-31
13 - ((-15 - -17) + 32)
-21
What is 0 + 3 + 0 + 71 + -81?
-7
What is the value of (12 - 15 - -1) + 9?
7
What is 21 - 42 - (-40 - -13)?
6
-12 + (9 - (3 - -3))
-9
What is 13 - 1 - (27 + (7 - 5))?
-17
What is the value of 5 + (7 - 13) + 2 + -4?
-3
Evaluate 9 + -13 - (4 - 27).
19
Evaluate (-3 - (-8 + -3)) + -11 + 13 - 4.
6
What is the value of (4 + -1 - (-5 - -12)) + 10 + 3?
9
Evaluate (25 - (6 - 13)) + -29.
3
Calculate 14 - 24 - (6 - -1) - -47.
30
Evaluate -14 + 12 - (-3 + 14 - (1 - -16)).
4
What is (-7 - -15) + 1 + 2?
11
What is -4 - -1 - (-21 + 27 - 1)?
-8
-16 + 7 + -7 + (1 - -4)
-11
Evaluate -4 + (-6 - (2 - 9 - -5)) + 7.
-1
11 - (7 - (16 + (-5 - 10)))
5
31 - (-7 + 19) - 2
17
Calculate 23 + -46 + 1 - -13.
-9
Calculate (5 - 3) + (-6 - -20).
16
5 + (-17 - -10) + 15
13
Calculate (6 - 1 - (0 - 0)) + 3.
8
Calculate -3 + 6 + 5 + (-3 - (-3 + 9)).
-1
What is -287 - -299 - (13 - -1)?
-2
What is -23 + 14 - (0 + (5 - 9))?
-5
Calculate 4 + 11 + -22 + 7 + -2.
-2
Calculate (-7 - (3 - 13 - (-2 - 6))) + 20.
15
Evaluate (-2 - 5) + 0 + (683 - 690).
-14
Calculate (0 + -1 - -8) + -318 + 319.
8
What is the value of 14 - (13 + 25) - -10?
-14
Calculate 69 + 36 + -42 + -29.
34
What is 22 - (-2 + 4 + -3 + (5 - -2))?
16
4 + -1 - ((-9 - -22) + 3 + -10)
-3
What is the value of -4 + 13 + (5 - 13)?
1
Calculate (7 - 2) + (26 - 21) + (-4 - 1).
5
-20 + (15 + 1 - (-246 - -258))
-16
What is the value of 22 - 45 - -16 - (1 + -3)?
-5
What is -1 + 1 + (-1 - 6) + (-52 - -54)?
-5
-17 + -17 + 17 - 6
-23
(-8 - (-2 + 6 - -3)) + 8
-7
-5 + (0 - (-2 + 4)) + -56 + 50
-13
Evaluate 0 + (-10 - (-10 - (-1 + -3)) - -2).
-2
What is 42 + -10 + 0 + -3 + -14?
15
3 + 15 - (6 - -9)
3
Calculate (-2 - (-3 - -9)) + (-9 - -17 - 7).
-7
What is the value of (47 - ((6 - -6) + 4)) + -10?
21
(-58 - -75) + 3 + -21
-1
What is -15 - 1 - (3 - 6 - -14)?
-27
(2 - (1 - (-4 + 10))) + -11 + -10
-14
What is the value of 396 - 364 - (10 - 1 - 1 - -2)?
22
Evaluate (1 - -10) + -2 + 12 + -10 - -10.
21
What is the value of -2 + -7 + 12 + (1 - 18) + -4?
-18
Calculate -1 + (-22 - (-26 + 12) - (-23 + 0)).
14
What is the value of -59 - (-3 - 7) - -25?
-24
What is (-24 - -40) + -17 - 2?
-3
What is the value of (-5 - (2 + 3)) + (-28 - -33)?
-5
(-31 + 32 - (1 - (-8 - -2))) + 1
-5
What is 13 + (0 - 6) - (12 + -9 + -9)?
13
Calculate -9 + -19 + -2 + (54 - 43).
-19
What is 36 + 6 + -21 + -14 + -19?
-12
-11 - -4 - (-4 - (-1 - -4))
0
What is (-6 - ((11 - -1) + -3)) + (-2 - -3)?
-14
2 - (-7 + (-9 - -22) - (1 + -1))
-4
What is the value of -19 - (5 - (6 - 2) - 6)?
-14
-46 - -6 - (-321 + 259)
22
Evaluate -1 - (-12 + 7) - (11 + -21).
14
(4 - (38 - -3)) + (3 - -10)
-24
10 - (-2 - (-8 - -11)) - 8
7
What is (6 - 1) + -11 - (-10 + -3)?
7
Evaluate -29 + (-22 - -31 - -38).
18
Evaluate 6 + 32 + -8 - 47.
-17
Evaluate -53 + 7 - (-18 - -24 - (7 - -4)).
-41
What is -13 + (-1 - 1) + (-70 - -78)?
-7
What is the value of (-22 - (-14 - 8)) + (1 - (-24 + 3))?
22
Calculate 4 - 30 - 4 - -6.
-24
(4 + (21 - -24) - 27) + (1 - 4)
19
2 + (3 - (-5 + 2)) + (28 - 30)
6
What is the value of (-342 - -330) + -1 + 48?
35
Calculate (10 - (9 + -3)) + -12 - (0 - 21).
13
0 + -45 - (-962 - -903)
14
What is (0 - (3 + -8)) + (-3 + -3 - 1)?
-2
Calculate (-2 + -7 - 1) + 128 + -21 + -118.
-21
Calculate -21 - (-12 + 20 - 21).
-8
Calculate -16 - (-20 + 9 + -5) - 1.
-1
Evaluate 72 + -33 - (-7 - -35).
11
What is the value of 5 + (-12 - 3) + 10?
0
What is (28 - 43 - (2 + -4)) + 8?
-5
Calculate (8 - 32) + 11 - (8 + -5).
-16
What is 6 - 6 - (-34 - -26 - (-8 + 1))?
1
Calculate -2 - (5 - 7 - (-8 + 2)).
-6
-7 + -31 + 18 + 3
-17
Calculate (-43 - -39 - 38) + 16.
-26
Evaluate -8 - (-1 - 0) - (158 - 148).
-17
What is the value of (-17 + 12 - -2) + -20?
-23
Calculate (4 - (0 - (-10 + -3))) + 4 - 20.
-25
What is -12 - (-17 + 4 + 2) - -5?
4
What is -4 + (-13 + (18 - -1) - 10)?
-8
Evaluate -11 + (-6 - (-20 - -3 - -5)) + -5.
-10
Evaluate 23 - 29 - (10 + 1 + 1 + -4).
-14
What is -9 + -5 + 23 + 4?
13
15 + (-25 - (-7 + -3))
0
Evaluate -21 + -1 - (-41 - -23).
-4
What is the value of (-1 - -2 - 2 - (6 + -10)) + -11?
-8
Calculate -2 + 15 + (-36 + 8 - -13).
-2
What is the value of -13 + (29 - (10 + -3))?
9
-1 + -19 - (49 + -65) - 5
-9
Calculate 6 - 5 - ((-4 - -2) + (14 - 10)).
-1
Calculate (-4 - -9) + -3 - (-1 + 3) - -14.
14
(-7 + 13 - 0) + (32 - 22)
16
What is (-1 - (3 - 5)) + 1 + 7?
9
What is the value of -11 + (-11 - -31) + (-5 - (3 - 2))?
3
Calculate 40 - (13 + -3) - 12 - 8.
10
Evaluate -13 - (-97 + 48 - -44 - (-14 + 1)).
-21
Evaluate (24 + -24 - 26) + 26.
0
What is the value of -15 - (-11 + -23) - 10?
9
What is 16 + (-21 - -17) - 17?
-5
0 + -9 - ((123 - 62) + -88)
18
Evaluate (90 - 84) + (1 + -1 - -1).
7
What is 34 - (-12 - -21 - -22)?
3
Calculate 7 - 7 - (-14 + (4 - -8)).
2
Evaluate -11 + 4 + -7 + 2.
-12
Evaluate -7 + 10 + (1 - 3 - (-3 + 4)).
0
Calculate 6 + -26 + 14 + (-4 - -1).
-9
What is the value of -28 + 19 + 10 + -1 + (2 - 21)?
-19
(-6 - 1) + (3 - -1) + -3
-6
What is -22 + (-3 + 22 - 13)?
-16
What is the value of 83 + -66 + (-8 - -19)?
28
-3 + 28 + -15 + (-2 - 9)
-1
What is 15 - (34 - (17 - 7))?
-9
What is the value of -3 + (2 - -3) + 2 + 0?
4
Calculate -1 + 4 + (10 - 16 - -34 - 11).
20
-10 + -14 + 45 - (1 - 0)
20
What is (-12 - -16) + 9 + -3?
10
Calculate -1 + 7 - -2 - 3 - (-12 - -28).
-11
What is -85 + 56 + -34 + 34?
-29
Calculate 17 + -3 + (-61 - -36) - -36.
25
Evaluate -7 + 16 - (16 - 4).
-3
Evaluate (8 + -10 - (-3 + 7)) + 6.
0
What is -17 + 17 + -10 + -9 - -3?
-16
What is -28 - (-24 + 10 + 15)?
-29
Calculate 10 + -15 - (2 - 20) - -6.
19
What is the value of 2 + -15 + 3 - (2 + 1 - 40)?
27
What is the value of (-12 + -1 - -7) + (-2 - (3 - 9))?
-2
(7 - (37 - 12)) + 7
-11
Evaluate -4 + -28 - (70 + -116).
14
What is the value of 226 + -236 - (0 - 13)?
3
Calculate -30 + -3 + -1 + (4 - -11).
-19
Evaluate 144 + -164 - (8 - 6).
-22
What is -11 + 9 + (18 - 16)?
0
8 - (-7 + 16 + -13)
12
Calculate 33 + -58 + (7 - -1) + -3 + -1.
-21
What is 39 - (-11 - -15) - 15?
20
What is (13 - (-3 - ((-1 - -2) + -10))) + -6?
1
Calculate (-10 + 3 - 9) + (-4 - 2 - -10).
-12
What is 7 - 2 - (-6 + -3 + -3 + 11)?
6
What is -1 + -3 + -16 + 11 - (-14 - -13)?
-8
380 + -362 - (1 + 0)
17
Evaluate -31 - (22 + -38) - 1.
-16
-1 + -1 - (-15 - 2 - -16)
-1
0 + 6 + 2 + 10 + (-12 - 2)
4
17 + -3 + (17 + -6 - 0) + -8
17
Evaluate (-4 - (4 + -6 + -17) - 3) + -3.
9
Evaluate (8 - 2) + 12 + -21 + -28 + -1.
-32
-8 - -3 - (7 - (-9 + 21 - 2))
-2
Calculate -22 + (53 - (-7 - -21)).
17
Calculate 0 + 18 - (98 + (55 - 124)).
-11
-118 - -105 - (2 + -18)
3
Calculate (0 - -9) + (-16 - 5) + 2.
-10
9 + -16 + 28 - 4 - -14
31
What is 36 + (-10 - (2 + 4 - 15))?
35
Evaluate -24 + (24 - 2) + -1 + -13.
-16
What is -3 + (-11 - (-4 + 3 - (1 - 5)))?
-17
What is -49 + 45 + 8 - (-1 + (16 - 0))?
-11
Calculate (-2 - (12 + -2) - (-56 + 47)) + -9.
-12
Evaluate (0 - -19 - 7) + (0 - 4).
8
What is the value of 3 - ((-25 - -26) + (-4 - (-5 - -5)))?
6
What is 11 - (-13 + 18) - 2?
4
26 + -6 + (-4 + (-2 - -6) - 3)
17
What is the value of (9 + -1 - (-31 + 35)) + 12?
16
Calculate (-2 - (-7 - -1)) + (70 - 66) + 9.
17
Evaluat